+ 5*i**4/8 + 3*i**3 + 33*i**2. Let z be k(-14). What is the greatest common divisor of z and 12?
4
Let u(m) = 6*m**3 + 4*m**2 - 3*m - 10. Let n be u(-2). Let g be (2 - 32/12)*n. Let l(i) = 4*i. Let a be l(2). What is the greatest common factor of a and g?
8
Suppose -144 = -14*f + 10*f. Let d = 25 + -20. Let v be (-2)/d - (-930)/75. Calculate the highest common factor of f and v.
12
Let v be (128/80)/((-2)/(-320)). What is the highest common divisor of 48 and v?
16
Let q be (-3 + 2)/((-9)/45). Calculate the greatest common factor of 6 and q.
1
Let f(y) = -y + 1 + 2 - 3 + 3. Let i = -16 - -6. Let z be f(i). What is the highest common divisor of z and 65?
13
Suppose -30*o = -33*o - 3. Let x be -11 - -13 - 6/o. What is the highest common divisor of x and 4?
4
Suppose 2*b + 5*f - 2 = 100, b + 3*f = 51. Let v be -22 + 21 + (1 - -2). Suppose -m = v*m - b. What is the highest common divisor of m and 17?
17
Let i = 79 + -72. Calculate the greatest common divisor of 133 and i.
7
Suppose -5*h - m - m + 386 = 0, -238 = -3*h + 2*m. What is the greatest common factor of 13 and h?
13
Let j = 351 + 237. Calculate the greatest common divisor of 7 and j.
7
Suppose 2807 + 7885 = 9*i. Suppose 5*r + 68 = i. What is the highest common divisor of r and 32?
32
Let p be ((-18)/(-15))/((-4)/(-70)). What is the highest common factor of 9 and p?
3
Let f = 2810 - 1960. What is the highest common factor of 17 and f?
17
Let y(m) be the third derivative of -41*m**4/24 - 2*m**3/3 + m**2 - 24. Suppose 3*a = 6*a + 9. Let p be y(a). Calculate the greatest common divisor of 17 and p.
17
Let b = 73 - 37. Suppose b = 4*v - 12. Calculate the highest common factor of v and 36.
12
Suppose 0 = 2*t + t. Suppose -3*j + 54 + t = 0. Let x be (-28)/6*108/(-14). Calculate the greatest common factor of x and j.
18
Let u = -370 - -384. What is the highest common divisor of u and 238?
14
Suppose 0 = 101*f - 98*f - 513. What is the greatest common factor of f and 9?
9
Suppose -5*n - 4*n + 2808 = 0. What is the greatest common divisor of 24 and n?
24
Let g = 118 + -114. Suppose -2*x + 7*x - 20 = 0, g*v = -5*x + 148. Calculate the greatest common factor of 24 and v.
8
Let j = -1272 + 1472. What is the highest common factor of j and 480?
40
Suppose 22 = 3*k + 5*t - 25, 0 = -5*t - 25. Let u be (27/21)/(15*(-1)/(-35)). Calculate the highest common factor of k and u.
3
Suppose -8*u + u = 294. Let s = 30 + u. Let j(n) = n**3 + 11*n**2 - 13*n - 1. Let g be j(s). What is the highest common factor of g and 33?
11
Let l = 603 - 429. What is the greatest common divisor of l and 9?
3
Let b(h) = -h**3 + 6*h**2 + 6*h + 39. Let m be b(6). What is the highest common factor of 200 and m?
25
Let o be 1 - (-12)/(-9) - 3459/(-9). Calculate the greatest common divisor of 6 and o.
6
Let k(p) = p**2 + 4*p + 17. Let c(r) = 4*r + 31. Let f be c(-12). Let j be k(f). What is the greatest common factor of j and 34?
34
Let g be (-2)/((-142)/46 - -3). Suppose 0 = -4*i + x + 645, -204 = -5*i - 2*x + 599. Calculate the greatest common divisor of i and g.
23
Suppose 6 = -f + 35. Suppose 17 = -2*j + 7, 323 = 4*k + 5*j. Calculate the greatest common factor of f and k.
29
Let z = -866 - -877. What is the highest common divisor of 2 and z?
1
Suppose 2*x + 3*x - 3*a - 2244 = 0, 0 = -3*x - 3*a + 1356. Let r = -217 + 267. What is the greatest common factor of r and x?
50
Let d be (1/3)/(2/12). Suppose 0 = 60*u - 57*u - 6. What is the highest common divisor of u and d?
2
Let w be (-5)/(-10) - (-3)/6. Suppose 0 = 5*h - 36 + w. Let i = 30 - -19. Calculate the highest common factor of h and i.
7
Let v = 700 + -568. Calculate the greatest common divisor of 363 and v.
33
Let n = 1144 - 1096. What is the greatest common factor of n and 144?
48
Suppose 16*u - 289 = -17. What is the highest common factor of 17 and u?
17
Suppose 3*z - 60 = -a, -15 = 4*z + 5. Suppose -a*v + 77*v = 72. What is the highest common factor of 54 and v?
18
Suppose -3*k = 2*s - 195, 0 = -0*k + 2*k + 3*s - 135. Let a be 13/1 + (0 - -2). Suppose 2*n = a + 3. What is the greatest common divisor of k and n?
9
Suppose 0 = -3*s - x + 667, 0 = -11*s + 6*s - 5*x + 1095. Let b = 0 - -32. Calculate the highest common divisor of b and s.
32
Let a be -64 - (-9)/((-27)/12). Let b be a/(-10)*45/(0 + 3). What is the greatest common divisor of b and 153?
51
Let u = 412 + -290. What is the greatest common divisor of 61 and u?
61
Suppose -5*z + 8*z - 9 = 0, -y + 22 = -z. Let r = 441 + -266. Calculate the highest common factor of r and y.
25
Let h = -81 + 84. Let y be (h/(-6))/((65/(-140))/13). What is the highest common divisor of 56 and y?
14
Let n(b) = -b**3 - 2*b**2 - 6*b + 20. Let y be n(-6). Calculate the highest common factor of 50 and y.
50
Let p(b) = -18*b**2 - 165*b - 15. Let l be p(-9). Let s = -26 - -38. What is the greatest common divisor of s and l?
12
Let g = 37 - 26. Suppose 510 = -g*r + 17*r. Suppose -6*q = -2*q - 68. What is the highest common divisor of q and r?
17
Suppose 5*r + 3*n - 172 = 0, -2*n + 143 = 4*r - 5*n. Let o = r + -16. Let s be o - (4/1 + -2). What is the greatest common factor of s and 17?
17
Let n = 918 + -840. Calculate the greatest common divisor of 24 and n.
6
Suppose 56*n - 60*n + 5300 = 0. Calculate the greatest common divisor of n and 53.
53
Suppose 0 = -2*m - q + 39 + 16, -5*m - 4*q + 145 = 0. Suppose -2*t + 7*t - m = 0. Calculate the greatest common factor of t and 10.
5
Let o(a) = 199*a**2 + 2*a + 1. Let c be o(-1). Let f be 1/(-2) - (-450)/20. What is the greatest common factor of f and c?
22
Suppose -y + 1098 = 5*l + 82, -l - 1988 = -2*y. Calculate the greatest common divisor of 36 and y.
12
Let m(a) = -15*a - 91. Let o be m(-11). Calculate the greatest common factor of o and 740.
74
Let l = 26 + 0. Let q = 36 - 39. Let y be (-6)/15 - (q - 52/5). What is the highest common divisor of l and y?
13
Let k(m) = -44*m + 70. Let x be k(-4). Calculate the highest common factor of 41 and x.
41
Let u = 2 - 0. Let m(n) = -4*n + 10. Let q be m(2). What is the highest common divisor of u and q?
2
Let q be (-4 - (-26)/5)/(2/5). Let u be 18*(-2)/(-8)*20/q. Calculate the highest common factor of 10 and u.
10
Let j(d) be the third derivative of d**4/3 - 37*d**3/6 - 23*d**2. Let w be j(5). Calculate the greatest common divisor of 24 and w.
3
Let g be (1/(-3))/((-13)/351). Suppose -3*z + 279 = 36. Calculate the greatest common factor of g and z.
9
Let w(v) = v**3 - 2*v**2 - 5. Let d be w(0). Let u be -10 - -11 - d/(-1). Let z be ((-252)/u - 4) + -4. What is the highest common divisor of z and 5?
5
Suppose -24*t + 268 = -2372. What is the highest common divisor of t and 385?
55
Let d(y) = 13*y + 12. Let g be d(-5). Let p = g - -105. What is the greatest common factor of 78 and p?
26
Let z be (-1 + 1 + -36)*(-358)/537. What is the highest common factor of 2 and z?
2
Let n be (-2218)/(-8) - (-9)/12. Let u be n/10 - 2/(-10). Calculate the highest common divisor of u and 28.
28
Suppose 8 = 3*i + 2*q, 5*i + 0*q - 6 = 4*q. Suppose 4*r - 5*c - i = 0, -5*r + 14 + 9 = 4*c. Calculate the greatest common factor of 48 and r.
3
Let y = -423 - -477. Suppose -k + 13 = 4. Suppose -o + y = k. Calculate the greatest common factor of o and 30.
15
Let u(p) = -p**3 + 21*p**2 + 23*p - 6. Let g be u(22). What is the greatest common divisor of 376 and g?
8
Let l(n) = -3*n + 9. Let d be l(3). Suppose -5*f - 3*j + 29 + 5 = d, 3*j + 22 = 2*f. Calculate the highest common factor of 72 and f.
8
Suppose 60*s - 714 = 43*s. What is the greatest common factor of s and 462?
42
Suppose -4*z - 3*t = 0, -2*t = 4 + 4. Suppose -z = 3*f - 15. Suppose o + 144 = f*o. Calculate the greatest common divisor of 72 and o.
24
Suppose 0 = -3*h + 2*p + 9, 0 = h - 2*h - 2*p - 5. Let x be h - -1 - (8 + -19). What is the highest common divisor of 117 and x?
13
Suppose -3*w + 2*g + 128 = 0, w + 136 = 4*w - 4*g. Let b = 47 - w. Calculate the greatest common factor of 77 and b.
7
Let g(j) = -65*j - 55. Let u be g(-11). What is the highest common divisor of u and 99?
33
Let q be -5 + (-40)/(-8) - -18. What is the greatest common divisor of q and 1746?
18
Let g = 2426 + -1085. Let h = -819 + g. What is the greatest common divisor of 58 and h?
58
Let y(r) = -5*r**2 - 4*r - 2. Let k be y(-1). Let g be (-133)/k + -3 